-31).
16
Evaluate -14 - (-21 + 20 + -6).
-7
What is 9 + -13 - 3 - -12?
5
Evaluate 12 - 10 - (-5 + 6 + -9).
10
What is the value of -4 - (-16 + 6 + 8)?
-2
What is the value of (20 - 60 - 44) + 44?
-40
What is 6 + -6 + -4 - (4 - (8 - -2))?
2
Calculate 4 - (20 + (-7 - (-10 + 4))) - 2.
-17
Calculate (-5 + -34 - -65) + -1 + 0.
25
18 + (1 - (3 - (1 - 10))) + 29
36
-5 - (14 - 11) - -10
2
What is -34 - (-71 + 30) - (-1 - -1 - -16)?
-9
-2 - (16 + -1 + -7 + -9)
-1
Evaluate (130 - 141) + 19 + 1.
9
Evaluate (9 - 4) + (-8 - -13) + 0.
10
What is the value of 7 + 6 + 8 + -10?
11
What is 22 + (11 - 22) + 20?
31
What is (12 + -6 - 8) + 5 + -6 - 3?
-6
What is the value of -9 - (7 - (5 - 1 - (-2 - -4)))?
-14
Evaluate 5 - (8 - 14 - (-6 + 8)).
13
What is the value of (0 - -4) + (3 - ((0 - -4) + -5))?
8
Evaluate 3 + (1 + -8 - -13).
9
What is -4 + (-5 + 6 - -19) + -8?
8
What is the value of -10 - (-12 + 1 + -6)?
7
What is the value of 3 - (1 + 1 - (-22 - -25)) - -10?
14
-4 - (29 - (24 - 10))
-19
Evaluate (23 - -10) + -23 + -10.
0
What is the value of -5 + 16 + -16 + 20?
15
Calculate 1 - -7 - (-1 - (15 - 19)) - 1.
4
What is the value of -2 - (-35 + 36 - 13)?
10
Evaluate 10 - (-16 + 21) - -5.
10
-3 + (4 - (2 - 6)) + 2
7
3 + 0 + (-67 - -68)
4
Evaluate 5 + (-15 - (-2 + 1 - 5)) - -3.
-1
Calculate 4 + -23 - (7 - 27).
1
Calculate -32 + 55 - -9 - 17.
15
What is the value of (202 - 194) + (-1 - 16)?
-9
Calculate -50 + 24 + 20 - (-2 - 1).
-3
Evaluate 18 + (29 - 28) + (7 - 7).
19
Calculate 8 + -9 + 1 + -7 + 6.
-1
Evaluate -349 + 374 + -5 + -4 + 1.
17
(2 - (-24 + 19)) + 15
22
What is the value of (-5 - 30) + (5 - (-1 + 1 + 0))?
-30
(4 - 0 - -8) + (5 - 8)
9
Calculate -9 - (-3 - 13) - (-3 + 3).
7
What is the value of 17 + -5 + -3 - (-2 - (-9 + 10))?
12
-9 + 12 + 2 + 0 + (11 - -10)
26
-19 - (-4 - 4) - -31
20
Evaluate 2 + -1 + (62 - (79 - 32)).
16
What is the value of 9 + -5 + -3 + (3 - 1)?
3
Calculate (22 - (52 + -19)) + 25.
14
Evaluate 11 - (5 + (5 - 6)).
7
Calculate -11 + (-5 - 7) - -19.
-4
What is the value of -31 + 40 + -16 + 12 + 0?
5
What is 14 + (-17 - 4) + 28?
21
What is the value of 2 + -1 - 18 - (-9 + 18)?
-26
What is -9 - 10 - -6 - (-19 + 22)?
-16
What is (-4 - (-2 - -21)) + 46 + -34?
-11
What is the value of -4 + 8 + (-14 - -6 - 1)?
-5
Calculate -14 - -1 - (29 - 49).
7
What is the value of (-497 - -471) + (-1 - -19)?
-8
Evaluate (0 - 7) + -8 + (-5 - -9) + 0.
-11
What is the value of (116 - 110) + (20 - 2)?
24
What is the value of -14 - (17 + -16 + -16) - 6?
-5
What is (-14 - (3 - 8)) + 5?
-4
5 - (-12 - ((4 - 0) + -7) - -3)
11
What is the value of 25 - ((9 - 13) + (0 - 3) + 13)?
19
Evaluate -2 - (10 - -9 - 13).
-8
What is 6 + -25 - (94 - 139)?
26
Evaluate (-4 - 14) + 14 + -2.
-6
Calculate -25 + (21 - 5) + 14 + 0 + -21.
-16
Calculate 20 - (-25 + 24) - 23.
-2
4 + (3 - (1 - -15) - -22)
13
Calculate -10 + 6 - -7 - (-7 - -2).
8
14 - (7 + 13) - (0 - 1)
-5
What is 5 + (0 - (-9 + 12)) + (3 - 3)?
2
0 + -2 - (0 - 6)
4
What is (345 - 343 - (0 - 3)) + (1 - -4)?
10
Calculate -3 + 0 + 3 + -6 - (-2 + 4).
-8
What is (1 + -2 - 6) + (2588 - 2584)?
-3
Calculate -4 + 1 + 10 + -13 - -11.
5
Evaluate 9 - (-2 + 3 - (9 + -15)).
2
What is the value of -14 + 7 + 1 + 9 + -19?
-16
Evaluate -19 - (25 + -29 - 28).
13
What is 161 - 167 - (-7 + -1)?
2
What is the value of (6 - (0 + -10)) + -8 - 6?
2
What is the value of 1 + 40 + (2 - 4 - 9) + -8?
22
Evaluate -20 + (53 - 13) + -14.
6
What is the value of -1 + -5 + (23 - (2 + 12))?
3
Evaluate -7 + -7 + (4 + 3 - 15).
-22
What is the value of -1 - 14 - (-793 - -798) - (2 - 0)?
-22
Evaluate -17 - (1 - 0) - (-45 + 37).
-10
Evaluate -24 + 18 - (1 + -8).
1
What is the value of 1 + 17 + (-17 - (-9 + 1))?
9
11 + (9 - (20 + -4))
4
Calculate -16 + (4 - (5 + -4 + 0)) - -1.
-12
1 - (3 + -12 + 10)
0
5 + -7 - (53 + -43)
-12
What is -7 + (-17 - (4 + (-5 - 3)))?
-20
What is the value of -7 + (6 + -14 - -57) - 14?
28
Evaluate 8 + -31 + (169 - 125).
21
Calculate -39 - (-13 + 19 + -22).
-23
What is the value of (-2 + -1 - (-4 + 15)) + (-14 - -8)?
-20
-16 - -21 - ((0 - -5) + -4)
4
What is the value of (171 - 187) + (0 - 0)?
-16
Calculate 12 + (-18 - 4) - (-16 - 0).
6
What is -11 + -9 + 7 + 13 - 9?
-9
What is the value of -2 + -2 - -7 - (2 - (3 + -3))?
1
(-2 - -2) + (-2 - 1 - -3 - -15)
15
What is the value of -6 + (10 - (8 - 3)) + 6 + -9?
-4
Evaluate -5 - (12 + -4 - 13 - 0).
0
What is -7 + (-2 - (-8 + 2 + 0)) - 16?
-19
Evaluate -6 + (1 + 29 - 32).
-8
Evaluate 25 - 46 - (-4 - 18).
1
Calculate -14 + 12 + (2 - (10 - 6)).
-4
Evaluate (-19 - -5) + (-36 - -43).
-7
Evaluate 223 + -213 + 2 + -5 + 3 + 9.
19
(-8 + -18 - 0) + 2
-24
What is (28 + -10 - 16) + -17 + -10?
-25
What is 3 + 1 + (9 - 11) + -3 + 1?
0
(1 - 2) + 94 + -75
18
What is (7 + -3 - 25) + 25?
4
What is the value of -12 - ((-8 + -1 - -1) + 0 + 12)?
-16
What is the value of 3 - (-15 + 32 + -16)?
2
What is the value of -1 + -4 + 3 + -9?
-11
-1 + (-9 - (-11 - -32)) + 15
-16
Evaluate (8 - (3 - -7)) + (1 - 2).
-3
1 - -4 - (-21 + -4 - -24)
6
Calculate (6 + (-11 - -9) - 0) + 1 + 2.
7
Calculate -1450 + 1456 - (-1 + 1).
6
What is the value of -7 - (12 + -18 + 6 - -8)?
-15
What is 1 + (6 - (0 + -6 + 13))?
0
What is the value of -317 + 297 + (-2 - 2 - 1)?
-25
(-11 - -2 - -14) + -1 + (3 - 2)
5
What is 27 + 2 + (2 - 5) + -1?
25
Calculate -12 - (-7 - (-10 + 13)).
-2
Evaluate -17 - -7 - -5 - (-2 + 3).
-6
Calculate (-44 - -58) + (1 - 24).
-9
18 - (-12 + -9 + 36)
3
-15 + 13 - (1 + 1)
-4
Evaluate -545 + 530 - (1 + -20).
4
Calculate 40 + (-92 - -44) - (-1 - 3) - 17.
-21
(44 - 37) + -9 + 3 - 10
-9
What is -355 + 346 + 2 + -3 + 6 + 8?
4
What is the value of (0 - 5) + (-7 + 16 - 13)?
-9
Evaluate -16 - (0 + -9 - -5).
-12
736 - 725 - (0 + 8)
3
10 + 14 + -28 - (-1 + -2 + -4)
3
What is the value of 240 + -241 - (3 + 0)?
-4
Evaluate (-1 + -1 - 1) + -186 + 173.
-16
What is -29 + 28 + (-2 - 8)?
-11
Evaluate 5 - -11 - (268 + -231).
-21
What is (-1 - 1) + (-128 - -140)?
10
-3 - (5 + 7 - 4 - 16)
5
4 + (10 - 42) + 12
-16
What is the value of (2 - (4 + (-9 - -18))) + (4 - -2)?
-5
Calculate (-14 - -4) + 2 + 26.
18
-24 + 33 - 51 - -14
-28
Calculate -1 + 1 + -1 - (27 + 45 + -55).
-18
What is -3 + (-1 - -1) - (458 + -445)?
-16
What is the value of -34 + (14 - -38 - 17)?
1
What is the value of -3 + 19 + -14 - 15?
-13
Evaluate 9 + (10 - (5 - (5 - 2))).
17
Evaluate 18 + 6 + -11 + -26.
-13
Evaluate 19 + -5 + (-9 - -2) + 5.
12
-2 + 4 + (9 - (-5 - -22))
-6
Evaluate 19 - (-1 + -2 + 5).
17
196 - 204 - (0 - -9) - 2
-19
What is -3 - (5 - ((7 - 17) + 19))?
1
Evaluate 0 + (14 - 9) + -11.
-6
Evaluate (-130 - -114) + -1 + 8.
-9
-7 + -1 + -11 + -2 + 4 + 8
-9
Evaluate -5 - (-1 - -2) - (-766 + 769).
-9
Evaluate 1 + 3 + (-31 - (15 + -45)).
3
Calculate (11 - 2) + -9 + (-4 - -3).
-1
What is the value of (14 + -4 - -2) + -2?
10
What is 208 + -202 - (18 + -1)?
-11
Calculate 9 + (4 + -13 - 14).
-14
Calculate -17 - -17 - -1 - -3.
4
Evaluate (21 + -14 - 23) + 30.
14
Evaluate 21 + -44 + (-2 - -14) - 7.
-18
(12 - 45) + 83 + -57
-7
2 + (-2 + 4 - 20) + 205 + -205
-16
Evaluate 10 - (14 - (7 + -10 + 2)).
-5
Evaluate -81 + (13 - -56) - (0 + (5 - 0)).
-17
Calculate -12 - (-18 - 0 - (53 - 40)).
19
Calculate (28 + -21 - -38) + -28.
17
Evaluate (0 - -2 - -1 - (250 - 241)) + 23.
17
(-2 + 1 - 9) + 9
-1
Calculate -10 + (3 - 4) + 4 + (-2 - -3).
-6
Evaluate 26 - 21 - (17 + (1 + -5 - -4)).
-12
What is 25 + -33 + (5 - (-2 + -2))?
1
What is the value of 1 + (0 + 9 - (7 - 7)) + -19?
-9
Evaluate 15 + (2 - (7 + -15 - -15)).
10
What is the value of (2 + 26 - 13) + -6?
9
What is the value of -19 - (-12 + 15) - -38?
16
Calculate 3 + 0 - (17 + (-19 - -9)).
-4
Evaluate 14 + (-19 - -40) + -16.
19
What is the value of -16 + 9 - -8 - 2?
-1
What is 19 + (-1 - 2 - -2) - (617 - 621)?
22
What is the value of 0 + -2 - -1 - ((-18 - 20) + 34)?
3
What is the value of -6 - ((-22 + 0 - (-2 - 0)) + 9)?
5
(5 + -13 - (3 + -10)) + -7
-8
Evaluate (-8 + 11 - -13) + (17 - 9 - -1).
25
What is -7 + -1 + 0 - (-81 + 100 - 17)?
-10
(7 + 17 + -10 - 8) + -4
2
What is (3 + 3 - -3) + 3 + 2 - 2?
12
Calculate -1 + (10 - 1) + (-163 - -154) + -14.
-15
Evaluate -24 + 19 + -1 + (-58 - -49).
-15
Calculate 421 - 426 - (0 - 2).
-3
What is the value of -5 + (7 - 14 - -20) - 8?
0
What is the value of (-1 + 1 - -1) + (-37 - (4 - 31))?
-9
Calcula